14687786.
2, 7343893
What are the prime factors of 103649886?
2, 3, 29, 41, 167
List the prime factors of 1678564268.
2, 149, 1259, 2237
What are the prime factors of 5447701?
7, 17, 45779
What are the prime factors of 77228581?
59, 433, 3023
What are the prime factors of 1667080478?
2, 7, 119077177
What are the prime factors of 74967876?
2, 3, 151, 4597
What are the prime factors of 3516457199?
1709, 2057611
List the prime factors of 78523206.
2, 3, 223, 58687
What are the prime factors of 1572042609?
3, 107, 1249, 1307
List the prime factors of 3077961811.
409, 7525579
What are the prime factors of 69031929?
3, 23010643
List the prime factors of 129530972.
2, 41, 789823
What are the prime factors of 21621209?
37, 584357
List the prime factors of 76764282.
2, 3, 7, 17, 15359
List the prime factors of 101537052.
2, 3, 131, 64591
What are the prime factors of 509737343?
457, 1115399
What are the prime factors of 26263988?
2, 367, 17891
What are the prime factors of 23094534?
2, 3, 17, 257, 881
List the prime factors of 72053743.
67, 1075429
What are the prime factors of 44108313?
3, 14702771
What are the prime factors of 622175811?
3, 207391937
List the prime factors of 1688851106.
2, 844425553
What are the prime factors of 3109360293?
3, 13, 26575729
What are the prime factors of 579543848?
2, 13, 83, 67139
List the prime factors of 268904051.
13, 71, 291337
List the prime factors of 2735730607.
23, 71, 1675279
List the prime factors of 1231904980.
2, 5, 953, 64633
What are the prime factors of 761236940?
2, 5, 38061847
What are the prime factors of 765026711?
31, 24678281
List the prime factors of 296897489.
7, 631, 67217
What are the prime factors of 29290562?
2, 7, 2092183
What are the prime factors of 72038067?
3, 263, 91303
List the prime factors of 2284617984.
2, 3, 11, 37, 7309
What are the prime factors of 1641057962?
2, 389, 2109329
List the prime factors of 603862629.
3, 201287543
What are the prime factors of 2269452397?
19, 73, 1636231
What are the prime factors of 66824347?
7489, 8923
What are the prime factors of 2115626703?
3, 43, 2371, 6917
List the prime factors of 2149495415.
5, 47, 9146789
List the prime factors of 2822820751.
23, 67, 1831811
What are the prime factors of 463704573?
3, 3541, 43651
List the prime factors of 1137281229.
3, 7, 286541
What are the prime factors of 154683112?
2, 19335389
What are the prime factors of 141794539?
141794539
List the prime factors of 814164791.
11, 89, 157, 5297
List the prime factors of 700667571.
3, 1571, 148667
List the prime factors of 74903428.
2, 17, 1101521
What are the prime factors of 1472709786?
2, 3, 599, 409769
List the prime factors of 610463335.
5, 122092667
List the prime factors of 23574209.
487, 48407
What are the prime factors of 6517924520?
2, 5, 43, 313, 12107
What are the prime factors of 1494017903?
7, 213431129
What are the prime factors of 111736014?
2, 3, 13, 29, 47, 1051
List the prime factors of 433076189.
7, 13, 47, 7789
What are the prime factors of 142811498?
2, 349, 204601
What are the prime factors of 724903274?
2, 1187, 305351
List the prime factors of 353528152.
2, 139, 317921
What are the prime factors of 2541106?
2, 263, 4831
What are the prime factors of 112670675?
5, 13, 23, 15073
List the prime factors of 162822221.
23, 107, 66161
What are the prime factors of 1609613251?
1609613251
List the prime factors of 35656488.
2, 3, 7, 263, 269
What are the prime factors of 1960384974?
2, 3, 12329, 26501
List the prime factors of 1310344689.
3, 71, 6151853
List the prime factors of 23182602.
2, 3, 227, 17021
What are the prime factors of 270512915?
5, 54102583
List the prime factors of 3956555.
5, 791311
What are the prime factors of 6416971246?
2, 7, 211, 1327, 1637
What are the prime factors of 3756309771?
3, 97, 421, 30661
List the prime factors of 64915254.
2, 3, 461, 7823
List the prime factors of 437824826.
2, 23, 97, 98123
List the prime factors of 71932594.
2, 19, 73, 25931
List the prime factors of 1538412463.
7, 19, 2707, 4273
What are the prime factors of 698391134?
2, 7, 607, 82183
List the prime factors of 333546855.
3, 5, 73, 304609
List the prime factors of 125101129.
125101129
List the prime factors of 739129313.
13, 56856101
List the prime factors of 6529429.
79, 82651
What are the prime factors of 3221276752?
2, 201329797
What are the prime factors of 45698537?
127, 587, 613
List the prime factors of 3524752918.
2, 33773, 52183
List the prime factors of 2302929159.
3, 67, 11457359
List the prime factors of 164609590.
2, 5, 43, 382813
What are the prime factors of 31664461?
31664461
List the prime factors of 8085965607.
3, 37, 199, 122021
List the prime factors of 2713376314.
2, 11, 433, 284839
List the prime factors of 118650662.
2, 13, 4563487
List the prime factors of 1926132115.
5, 101, 3814123
List the prime factors of 8098277.
11, 23, 32009
List the prime factors of 1949830309.
7, 379, 734953
What are the prime factors of 8700108?
2, 3, 725009
List the prime factors of 1287909864.
2, 3, 313, 57149
List the prime factors of 2724333559.
2724333559
List the prime factors of 732909428.
2, 71, 2580667
What are the prime factors of 1805678334?
2, 3, 6551, 15313
List the prime factors of 1847996850.
2, 3, 5, 7, 503, 3499
What are the prime factors of 142623909?
3, 463, 3803
What are the prime factors of 105702810?
2, 3, 5, 3523427
List the prime factors of 242985992.
2, 30373249
What are the prime factors of 595434299?
17, 1109, 31583
List the prime factors of 351470019.
3, 17, 199, 34631
List the prime factors of 852381338.
2, 426190669
What are the prime factors of 7783118226?
2, 3, 13, 852851
What are the prime factors of 11633341?
53, 199, 1103
List the prime factors of 301138099.
163, 1847473
What are the prime factors of 837375484?
2, 11, 659, 28879
What are the prime factors of 147164390?
2, 5, 223, 65993
List the prime factors of 149960699.
7, 2749, 7793
List the prime factors of 248532720.
2, 3, 5, 101, 10253
What are the prime factors of 112839944?
2, 7, 287857
List the prime factors of 335299592.
2, 41912449
List the prime factors of 499867396.
2, 7, 557, 32051
What are the prime factors of 324644533?
269, 751, 1607
What are the prime factors of 130505926?
2, 137, 476299
What are the prime factors of 2631922?
2, 1315961
List the prime factors of 636937914.
2, 3, 181, 586499
What are the prime factors of 9688013?
41, 236293
List the prime factors of 187702413.
3, 29, 2157499
What are the prime factors of 238997233?
97, 107, 23027
List the prime factors of 266572179.
3, 43, 83, 193
List the prime factors of 310892037.
3, 191, 263, 2063
List the prime factors of 829332734.
2, 97, 4274911
What are the prime factors of 15860124?
2, 3, 7, 37
List the prime factors of 32038846.
2, 7, 17, 19231
List the prime factors of 133408504.
2, 16676063
What are the prime factors of 324893229?
3, 6037, 17939
What are the prime factors of 43608077?
17, 150893
What are the prime factors of 435880?
2, 5, 17, 641
What are the prime factors of 168297665?
5, 89, 131, 2887
List the prime factors of 181464096.
2, 3, 11, 239, 719
List the prime factors of 106315065.
3, 5, 787519
List the prime factors of 59660335.
5, 7, 97, 17573
What are the prime factors of 52178117?
17, 41, 74861
What are the prime factors of 1247263444?
2, 7, 89, 127, 563
List the prime factors of 1581722356.
2, 2377, 166357
List the prime factors of 220855072.
2, 37, 103, 1811
What are the prime factors of 77822956?
2, 3917, 4967
List the prime factors of 726591.
3, 242197
List the prime factors of 2108919114.
2, 3, 1619, 72367
What are the prime factors of 14503406?
2, 7251703
What are the prime factors of 2932503491?
19, 59, 2615971
What are the prime factors of 37820539?
79, 478741
What are the prime factors of 137874960?
2, 3, 5, 21277
What are the prime factors of 137558150?
2, 5, 2751163
What are the prime factors of 487654585?
5, 11, 89, 99623
List the prime factors of 33305122.
2, 3559, 4679
List the prime factors of 2041068.
2, 3, 37, 4597
What are the prime factors of 185915452?
2, 6037, 7699
List the prime factors of 3741603586.
2, 7, 2633, 101503
List the prime factors of 112730827.
11, 10248257
What are the prime factors of 33270923?
7, 409, 11621
List the prime fac